6*v**3 + 17*v**2 + v + 231. Let q be o(0). Calculate the greatest common divisor of 840 and q.
21
Let l = -52 + 88. Let u be 160/(-8) - 288/(-12). What is the greatest common factor of l and u?
4
Suppose 35100 = 45*n - 30*n. Calculate the greatest common divisor of 52 and n.
52
Suppose 21 = 3*d - p - 2*p, 2*d - 5*p - 11 = 0. Let t = -4523 + 4559. Calculate the greatest common factor of d and t.
4
Let h(i) be the second derivative of i**5/20 - 5*i**4/12 + i**3/3 + 4*i**2 + 40*i. Let t be h(5). Calculate the highest common divisor of t and 24.
6
Suppose -566 - 415 = -3*h + 2*u, -3*u = -3*h + 978. What is the highest common divisor of 42 and h?
7
Let x = 3523 - 3226. Calculate the greatest common divisor of x and 405.
27
Suppose -13*b + 14*b + 25 = 0. Let f be 218/10 + (-5)/b. Suppose 2*q - 3*k - 113 = 0, -k + 4*k + 3 = 0. What is the highest common divisor of q and f?
11
Let l(r) = -r**3 - 8*r**2 + 10. Let d be l(-8). Let x = -88 - -98. Calculate the greatest common divisor of x and d.
10
Let i = -687374 - -687514. Let g = 536 + -151. Calculate the greatest common factor of i and g.
35
Let p be ((-8)/(-10))/((-150)/(-2625)). Calculate the greatest common divisor of p and 1358.
14
Suppose 0 = 3*a - 1231*j + 1229*j - 140, 3*a + 2*j = 148. What is the highest common factor of 704 and a?
16
Let g = -9623 + 9651. What is the greatest common divisor of 24654 and g?
14
Let q = 20298 - 20250. What is the highest common divisor of q and 1530?
6
Suppose -8 = -35*o + 33*o, 3*o = 3*s + 3. What is the greatest common factor of 519 and s?
3
Suppose 398900 + 408258 - 161142 = 412*d. Calculate the highest common divisor of d and 128.
32
Suppose 5*v + 2*u = 212 - 43, 3*v - 5*u - 58 = 0. What is the greatest common divisor of v and 279?
31
Let o(i) = -i**2 - 12*i + 25. Let c be o(-13). Let m be 24 - (c + -6)/(-3). Let n(t) = 7*t - 2. Let b be n(4). What is the highest common factor of b and m?
26
Suppose -24*i = 3*u - 29*i - 21, -2*u = -i - 28. What is the highest common factor of u and 187?
17
Let k(x) = 45*x + 54. Let a be k(-1). What is the highest common factor of 9009 and a?
9
Let m(g) be the second derivative of 38*g**3/3 - 76*g**2 - 165*g. Let v be m(7). What is the highest common divisor of v and 76?
76
Let o be 24/132 + ((-6)/33)/(20/(-1520)). Calculate the highest common divisor of 3052 and o.
14
Suppose 23617*s = 23647*s - 8160. Suppose 3*v + 532 = -3*r + 7*r, -2*v - 332 = 3*r. Let w = v + s. Calculate the greatest common factor of w and 20.
20
Suppose -2*n = -g + 177, 38*g = 40*g - 5*n - 359. Calculate the greatest common divisor of g and 835.
167
Let q be 1/4 + (-1582)/(-8). Let f = 332432 - 332410. What is the highest common factor of q and f?
22
Suppose 18 = 5*x - 3*c - 21, -3*x + 35 = 4*c. Let m(h) = -h**2 - 25*h - 48. Let d be m(-2). Let l = d + x. Calculate the greatest common divisor of l and 14.
7
Suppose 4*p + 4 = 28. Suppose -p*v = -v + 35. Let u(y) = y**3 + 8*y**2 + 3*y - 8. Let m be u(v). What is the greatest common divisor of 4 and m?
4
Suppose -52*a + 100 - 20 = -47*a. Calculate the highest common divisor of 4 and a.
4
Suppose 0*h + 265 = -2*u + 3*h, 5*h = 3*u + 398. Let d = u + 161. What is the greatest common divisor of 45 and d?
15
Let r(z) = 2*z**3 + 24*z**2 - 3*z - 8. Let n be r(-12). Suppose -4*k + 352 = 4*f, -4*k + n*f = 30*f - 356. What is the highest common factor of k and 30?
30
Let y(m) = -m**3 - m**2 - 2*m - 1. Let p be y(-1). Suppose -p = 3*v - 7, 2*v + 116 = 4*t. What is the highest common factor of 135 and t?
15
Let y = -1107 - -3519. What is the highest common divisor of y and 24?
12
Let c = -35854 + 35862. Suppose -2*a - 4 = -24. What is the greatest common factor of c and a?
2
Suppose 5*c = -5*d + 900, -5*c + 6 = -14. What is the highest common divisor of 1024 and d?
16
Let b(z) = 3*z**2 + 64*z + 1129. Let u be b(-15). What is the highest common divisor of 4853 and u?
211
Let g be 12/30 + 138/5. Suppose 0 = g*y - 21*y - 42. Suppose -y*h - 4*c - 2 = -5*h, -h = -3*c - 5. What is the highest common divisor of 22 and h?
2
Suppose 6*q - 13 = 5*q. Let a(g) = g - 5. Let t be a(8). Let l be 3 - t*310/(-15). Calculate the highest common factor of l and q.
13
Let g be (32/20)/(-5*3/(-225)). Let i be g*-5*(-102)/90. Suppose -3*q + 102 = 5*v, 68 = 4*q - 2*q - 4*v. What is the greatest common factor of q and i?
34
Let r = -20578 - -27245. Calculate the greatest common divisor of r and 791.
113
Let d = 35 - 32. Suppose 0 = -d*g - l + 12, l = 5*g - 4*g. Suppose -g*p = 2*p - 10. What is the greatest common factor of p and 12?
2
Let x(d) = -562*d**3 - d**2 - 7*d - 5. Let y be x(-1). Suppose 889 = 2*c - y. What is the greatest common divisor of 66 and c?
66
Let z(a) = a**3 + 10*a**2 + a + 597. Let i be z(-13). Calculate the highest common divisor of i and 2376.
11
Suppose -c - 13 = -169. Let i be (-4000)/(-350) + (-4)/(-7). Calculate the highest common divisor of i and c.
12
Suppose 274*j - 6703 = 11929. Let w(p) = 8*p + 1. Let q be w(2). What is the highest common divisor of q and j?
17
Let v(f) = 69*f**2 - 170*f + 656. Let q be v(4). What is the highest common divisor of q and 160?
40
Let c be ((-447)/(-9))/(2000/(-15225) - (-1)/7). What is the highest common factor of c and 116?
29
Let o = -43 + 776. Suppose 0 = 2*v - o + 61. What is the highest common divisor of v and 192?
48
Let k(g) = g**3 + 2*g**2 - 2*g + 2. Let r be k(0). Let v be (24/60)/(r/560). Calculate the greatest common factor of v and 16.
16
Suppose 2*g - 5*r - 22 = 6, 4*r + 8 = 0. Suppose -2*j - 4*q - 18 = -56, -2*j - 2*q + 40 = 0. Calculate the highest common divisor of g and j.
3
Suppose -28*n + 49*n + 30090 = 36*n. What is the greatest common divisor of 590 and n?
118
Suppose -21*q + 2517717 = 161*q - 603401. Calculate the greatest common divisor of q and 11.
11
Suppose -16*s - 14*s - 385210 = -44*s. Calculate the greatest common divisor of 5 and s.
5
Let o = 102700 + -102282. Suppose -4*f + 175 = f - 3*c, 5*c = 25. Calculate the highest common divisor of o and f.
38
Let t(c) = c**3 - 7*c**2 - 2*c - 9. Let h be t(7). Let f be -10 + (-6665)/30 - 10/12. Let i = h - f. Calculate the highest common factor of i and 30.
30
Suppose -2*n + 464 = 4*j, -456 = -2*n - 3*j + j. Let y = -136 - -143. What is the greatest common factor of n and y?
7
Let b be (21 - 2) + (0 - 1). Let d be (-682)/5 - ((-48)/(-30) - 2). Let y = d + 208. Calculate the highest common divisor of y and b.
18
Let p be 13*(2 - (6 + 1)). Let v(r) = -66*r - 711. Let n be v(-10). Let b = n - p. What is the greatest common factor of 70 and b?
14
Let j = 457 + -185. Let c = -17652 - -17686. Calculate the greatest common divisor of j and c.
34
Suppose 0 = 15*m - 196 + 106. What is the highest common factor of 2202 and m?
6
Suppose -5*z + 4*w + 5415 = 0, -543 = -z + 3*w + 540. Let y = z + -876. What is the greatest common divisor of y and 27?
9
Suppose 20 = -2*v - 4*q - q, 5*q + 20 = 3*v. Suppose v = 41*u - 39*u - 738. Calculate the greatest common factor of 18 and u.
9
Suppose 5*a = 4*a - 2*y + 8667, 5*y - 15 = 0. What is the highest common divisor of a and 3?
3
Let x = 186 + -61. Let m = x + -55. What is the greatest common divisor of 140 and m?
70
Let w be (-2)/4 - -2682*(-3)/(-36). What is the highest common divisor of w and 6913?
223
Suppose -3*i + 99 = 2*k, 4*i + 8*k - 132 = 6*k. Suppose 180 = -23*l + i*l. What is the greatest common factor of 198 and l?
18
Suppose r - 3 = -0*r. Suppose 0 = 4*y + 3*m - 1497, 3*y + 0*m = r*m + 1107. Suppose 10*f + y = 14*f. Calculate the highest common divisor of 31 and f.
31
Let q = 152 + -100. Let z = -100 + 110. Suppose -z - 3 = -u. What is the greatest common divisor of u and q?
13
Suppose -28639*d + 28620*d = -275481. Calculate the highest common factor of d and 81.
81
Let x be -43 + 309 - 10*-1. Calculate the greatest common factor of 736 and x.
92
Suppose -2*o = 2*o + 2*s - 19262, 24073 = 5*o + s. What is the greatest common divisor of 232 and o?
58
Suppose -30*o = -32*o + 16316. Suppose -8*l + o = 758. What is the highest common factor of l and 37?
37
Suppose 3*t + 4*u - 125 = 0, -53*u - 2 = -54*u. What is the greatest common divisor of 4862 and t?
13
Let z be ((-18)/(-5))/((-15)/(-100)). Suppose 7 = 3*k + 5*i, 2*i - 2 = 2. Let n be (4/(-2))/(-2) + k + 36. What is t